1023497?
8007
Calculate the greatest common divisor of 11583102 and 24.
6
Calculate the highest common divisor of 122430 and 45210.
330
Calculate the greatest common factor of 339712 and 20992.
256
Calculate the highest common factor of 45318 and 8964.
498
What is the greatest common divisor of 1529820 and 125?
5
What is the highest common factor of 3543720 and 96?
24
Calculate the greatest common divisor of 27320784 and 22272.
1392
Calculate the greatest common divisor of 114177304 and 153.
17
What is the greatest common factor of 4104 and 3822648?
456
Calculate the highest common divisor of 928 and 1936098.
58
What is the highest common factor of 6009314 and 1093?
1093
What is the highest common factor of 2582 and 279124528?
2582
What is the greatest common divisor of 6 and 4466828?
2
What is the greatest common factor of 1802240 and 1540?
220
What is the highest common factor of 3780048 and 610?
122
What is the greatest common divisor of 89990564 and 604?
604
Calculate the greatest common divisor of 1112644 and 2028.
52
Calculate the greatest common divisor of 430 and 4201760.
10
What is the highest common divisor of 15502 and 264625206?
674
Calculate the greatest common divisor of 7356 and 118389916.
2452
What is the greatest common factor of 31848 and 1644?
12
What is the highest common divisor of 2123881 and 7?
1
What is the highest common factor of 270632930 and 580?
290
What is the greatest common factor of 1178 and 663617?
31
Calculate the highest common divisor of 123864 and 1127877.
1191
What is the highest common factor of 228 and 587868?
12
What is the highest common factor of 26569 and 13629571?
163
What is the highest common factor of 1005082668 and 72?
36
What is the highest common divisor of 7540 and 6633380?
260
What is the highest common factor of 13840 and 72823312?
2768
What is the highest common divisor of 270172 and 22?
2
Calculate the greatest common factor of 1280 and 1536400.
80
What is the greatest common factor of 186980034 and 186?
186
What is the highest common factor of 22663583 and 445?
89
What is the greatest common factor of 50697 and 1288968?
129
What is the highest common factor of 12807 and 1263?
3
Calculate the greatest common factor of 342398 and 147371.
259
Calculate the highest common factor of 148428 and 2626351.
4123
What is the greatest common factor of 732 and 55911563?
61
Calculate the highest common factor of 120 and 427980.
60
Calculate the greatest common factor of 34890520 and 42.
14
What is the greatest common divisor of 7911375 and 30000?
375
Calculate the greatest common factor of 1357 and 69384767.
1357
What is the highest common factor of 15000 and 3576?
24
Calculate the highest common divisor of 168090 and 251355.
195
What is the greatest common divisor of 666 and 29560374?
18
What is the greatest common divisor of 1147146 and 148434?
858
Calculate the greatest common divisor of 1556 and 11045266.
778
What is the highest common factor of 5475 and 719925?
75
Calculate the greatest common factor of 27959881 and 115.
23
What is the highest common divisor of 7952986 and 2116?
1058
Calculate the highest common factor of 989 and 230368.
23
Calculate the greatest common factor of 3495 and 1041860665.
1165
Calculate the highest common factor of 1449 and 510255.
207
What is the highest common divisor of 26544168 and 52416?
504
Calculate the greatest common divisor of 1135 and 107242745.
1135
What is the highest common factor of 12568860 and 27?
9
What is the highest common factor of 2965008 and 8916?
12
What is the greatest common factor of 805 and 2815246?
161
What is the highest common divisor of 8 and 3294892?
4
What is the greatest common factor of 142884 and 1109538?
1458
What is the greatest common factor of 39368 and 22058734?
1406
What is the greatest common factor of 11653 and 19790317?
271
Calculate the greatest common factor of 117117 and 14707.
77
What is the greatest common factor of 21818376 and 51792?
1992
Calculate the highest common divisor of 1937 and 4257079.
149
What is the highest common factor of 4660119 and 17496?
27
Calculate the highest common factor of 139249645 and 29995.
4285
Calculate the highest common factor of 78 and 4607202.
6
What is the highest common divisor of 305374 and 1567814?
1706
Calculate the highest common factor of 24 and 49231104.
24
Calculate the greatest common factor of 10783889 and 8483.
499
What is the greatest common divisor of 162590 and 77390?
710
Calculate the highest common factor of 6424 and 3683746.
22
What is the greatest common factor of 1 and 10720877?
1
What is the highest common divisor of 1103 and 96928331?
1103
What is the highest common divisor of 33043584 and 14208?
384
Calculate the greatest common divisor of 512 and 4242688.
256
Calculate the highest common divisor of 5442 and 405.
3
What is the greatest common factor of 3164 and 7007921?
113
Calculate the highest common factor of 39012 and 2154.
6
Calculate the greatest common factor of 5493 and 316358349.
5493
Calculate the greatest common factor of 96 and 745162.
2
What is the highest common divisor of 448 and 530054?
14
What is the highest common divisor of 170 and 9590890?
170
Calculate the greatest common factor of 9178732 and 303108.
7772
What is the greatest common divisor of 42 and 68296614?
6
What is the highest common divisor of 704620 and 159593?
49
What is the highest common divisor of 42 and 6621692?
14
Calculate the greatest common factor of 114 and 2740788.
114
Calculate the greatest common factor of 202886343 and 198.
99
What is the greatest common factor of 138 and 5042152?
46
What is the greatest common factor of 28 and 663315996?
28
What is the highest common divisor of 100140572 and 2749?
2749
What is the greatest common divisor of 3604102 and 44948?
34
What is the highest common divisor of 68 and 6033317?
17
What is the highest common divisor of 1182 and 3504236?
394
Calculate the highest common factor of 28950666 and 33528.
762
What is the highest common divisor of 646 and 47106524?
34
What is the greatest common factor of 21641815 and 65?
65
What is the greatest common divisor of 231084 and 19519?
131
Calculate the highest common divisor of 1355 and 1368821.
271
Calculate the highest common divisor of 1595 and 59120.
5
Calculate the highest common factor of 18 and 146709.
9
Calculate the greatest common factor of 26 and 812412.
2
What is the greatest common factor of 1134 and 3565674?
378
Calculate the greatest common factor of 231165 and 4400.
55
What is the greatest common factor of 804863943 and 3627?
3627
What is the highest common factor of 24885350 and 1358?
1358
Calculate the highest common factor of 4672 and 1409264.
16
Calculate the highest common factor of 13 and 25301887.
13
What is the greatest common factor of 60 and 4223820?
60
Calculate the highest common divisor of 966470 and 114935.
635
Calculate the greatest common factor of 683941 and 15164.
223
What is the greatest common factor of 437711 and 8201?
139
What is the greatest common factor of 250 and 3165310?
10
Calculate the greatest common factor of 208 and 8541088.
16
What is the greatest common factor of 988870 and 10?
10
What is the highest common factor of 21614543 and 14473?
353
Calculate the highest common factor of 6289 and 41781.
19
Calculate the greatest common divisor of 138924 and 19839.
51
Calculate the highest common divisor of 223287 and 13867.
283
Calculate the greatest common factor of 350 and 1648486.
14
Calculate the greatest common divisor of 2484 and 1335231.
27
Calculate the highest common divisor of 252478 and 832218.
82
Calculate the greatest common factor of 85350 and 2270.
10
Calculate the highest common divisor of 7057909 and 3107.
239
What is the greatest common divisor of 7557 and 648747?
33
Calculate the greatest common divisor of 84 and 3318812.
28
Calculate the highest common factor of 48126296 and 67400.
2696
What is the highest common divisor of 248025 and 67215?
15
Calculate the greatest common factor of 39960 and 79587.
333
What is the greatest common divisor of 19259170 and 245?
35
Calculate the greatest common factor of 457599456 and 270.
54
What is the highest common factor of 1033641 and 945?
189
What is the greatest common divisor of 40106510 